What is the remainder when t(-2) is divided by o?
10
Let c(t) = -t**3 + 4*t**2 + t - 3. Let d be c(3). Suppose -d - 9 = -b. Calculate the remainder when b is divided by 10.
8
Suppose -6 = -2*l - l. Suppose 0 = -l*j + 27 + 31. Suppose 0*t + j = t. Calculate the remainder when t is divided by 10.
9
What is the remainder when 3 + (78 - -3) + 0 is divided by 29?
26
Let z(i) = 2*i**2 - 3*i + 17. What is the remainder when z(0) is divided by 4?
1
Let s(n) = -n**3 - 9*n**2 - 4*n - 13. Let b be (-14)/(-8) - 1/(-4). Suppose 12 = b*w - 12. What is the remainder when s(-9) is divided by w?
11
Suppose 0 = 3*i + 2*n - 72, 4*i - 2*n + 6*n - 92 = 0. Calculate the remainder when i is divided by 9.
8
Let d(n) = n**2 + 8*n + 9. Let b be d(-8). Suppose -2*a + b = f, 3*f + a + 3*a - 21 = 0. Calculate the remainder when 7 is divided by f.
1
Let b be 2/(-7) + 4824/(-21). What is the remainder when 16 is divided by b/(-25) - (-1)/(-5)?
7
Suppose 2*v - 4 = 8. Calculate the remainder when v is divided by 5.
1
Suppose -u - 3*x + 1 = u, 3*u + 4*x = 0. Let o = 9 + u. Calculate the remainder when o is divided by 3.
2
Let y(w) = w - 4. Let z be y(8). Suppose -q = -32 - 10. Suppose z*m - 3*r - q = -5*r, m = -r + 8. What is the remainder when 37 is divided by m?
11
Let d = 32 - 17. Let y = 4 + d. Calculate the remainder when 73 is divided by y.
16
Suppose 3*d = 41 + 100. What is the remainder when d is divided by 12?
11
Let a(o) = 6*o**3 + o**2 - 6*o - 6. Let f(n) = 5*n**3 - 5*n - 5. Let u(g) = 6*a(g) - 7*f(g). What is the remainder when (21/12)/((-1)/(-8)) is divided by u(-6)?
4
Let x be 96/7 - (-6)/21. Let q be (-4)/x - (-44)/7. Let r(a) = -a**3 + 5*a**2 + 10*a - 8. What is the remainder when r(q) is divided by 9?
7
Let s(v) = -v**3 + 4*v**2 + 6*v + 1. Let u(g) = g - 4. Let j be u(4). Suppose j*c + 21 = c. What is the remainder when c is divided by s(5)?
3
Let q(b) = 62*b**2 + 3*b + 4. What is the remainder when q(-1) is divided by 21?
0
Suppose -k - 3*v + 16 = 0, 8 + 2 = k + v. Calculate the remainder when 27 is divided by k.
6
Let f(m) = 9 + m + 6 - 6. Calculate the remainder when 25 is divided by f(0).
7
Let k(g) = -g**3 - g**2 + 4*g - 5. Let r be k(-5). Suppose -2*y = 3*y - 35. Suppose y*q - r = 2*q. What is the remainder when q is divided by 9?
6
Let n(w) = -4*w**3 + 3*w - 2. Let z be n(1). Let x(y) = 24*y**2 + 2*y + 1. Calculate the remainder when x(-1) is divided by 5 + 1/(z/(-9)).
7
Let j(y) = y**3 + y**2 + y + 15. Suppose -3*n = n. Suppose 2*c + 20 = 4*f - 2, -4*f + c + 27 = 0. Calculate the remainder when j(n) is divided by f.
7
Let d be 4 + (0 - -2 - 2). Suppose 0 = 3*u + 9, -3*t - d*u + 84 = -0*t. Let n(p) = p**3 - 7*p**2 + 2*p - 3. Calculate the remainder when t is divided by n(7).
10
Suppose v = -4*v. Suppose o + k - 13 = v, o - 5*k - 79 = -2*o. Suppose 0 = -3*m + 5*x + 85, x + 1 + 30 = m. What is the remainder when m is divided by o?
17
Let w be (-3)/6 + 47/2. Calculate the remainder when (2*-2)/4 + w is divided by (-2 + -5)*(-12)/14.
4
Suppose 5*t - 1112 - 828 = 0. What is the remainder when t is divided by 17?
14
Let c(g) = -6*g + 8. Let l be c(7). Let a = -15 - l. What is the remainder when 37 is divided by a?
18
Suppose 53 - 19 = 2*q. Calculate the remainder when 49 is divided by q.
15
Suppose 7*v - 2*v = 110. Calculate the remainder when v is divided by 8.
6
Suppose 15 = -3*g, -5*g = 4*i - 3*g - 14. Calculate the remainder when 15 is divided by i.
3
Calculate the remainder when 13 is divided by 21/(-14)*32/(-6).
5
Suppose -23 = -m - 10. Calculate the remainder when 50 is divided by m.
11
Suppose 3*r - 61 - 2 = 0. Let a = 161 - 155. Calculate the remainder when r is divided by a.
3
Let p(m) = -m**3 - 12*m**2 - 4*m + 12. What is the remainder when p(-12) is divided by 31?
29
Let x(h) = h + 7. Let i be x(-6). Let c be (5 - -2)/(i/2). Suppose s - c = -s. What is the remainder when 13 is divided by s?
6
Suppose 4*i - j = 40 + 12, 0 = -3*i - 3*j + 54. Suppose i = 5*c - 3*c. Let g = -140 - -160. What is the remainder when g is divided by c?
6
Suppose p + p + 104 = 5*o, 5*o + 238 = -4*p. Let d = p + 107. Calculate the remainder when d is divided by (-2)/(-9) + 151/9.
16
Suppose -8 = -2*a + 4. Let h be 3*(a/(-2))/(-3). Suppose d + v + 2 = 0, d + h*d - 4*v - 32 = 0. What is the remainder when d is divided by 2?
1
Suppose -13 = -h - 0*h. Let a be 0/(9/(-6)*-2 - 0). Let b = h - a. Calculate the remainder when 24 is divided by b.
11
Suppose -281 + 89 = -4*k. Suppose -3*m - k = -7*m. What is the remainder when m is divided by (-2)/9 + (-65)/(-9)?
5
Let s(c) be the first derivative of -7*c**2/2 - 6*c + 1. Suppose 5*g = -n + 143, -3*n + 50 = 2*g + n. Calculate the remainder when g is divided by s(-3).
14
Let f(j) = -j**3 + 5*j**2 - 3*j + 2. Let x(w) = w**2 - 2*w - 6. Let c be x(-5). Let u = c + -8. Calculate the remainder when u is divided by f(3).
10
Suppose 192 + 69 = 3*a. Let q = a - 43. Suppose -45 = -2*f - f. Calculate the remainder when q is divided by f.
14
Let r be (3 - 4)*(-1 + 0). Suppose -1 = -w + r. Calculate the remainder when (2/4)/((-2)/(-12)) is divided by w.
1
Let m(y) = y**3 - 3*y**2 - 6*y - 4. Suppose 2*b + 8 = -4*f, -2*f - 12 = 3*b + 2*b. Let v be (-5)/(b - (-3)/3). What is the remainder when m(v) is divided by 9?
7
Let f(i) = 4*i**2 - 4*i + 1. Calculate the remainder when 99 is divided by f(3).
24
Let n(l) = l - 7. Let x(y) = -3*y**3 + y**2 - 1. Let z be x(-1). Let u be n(z). Let o = u - -16. Calculate the remainder when 34 is divided by o.
10
Calculate the remainder when 2 + 0 + (-75)/(-5) is divided by 10.
7
What is the remainder when 4 + -4 - (1 + -25) is divided by 13?
11
Suppose 10 = -4*k + 54. Calculate the remainder when 19 is divided by k.
8
Suppose -99 + 8 = -7*l. Suppose 2*t + 0*t = 100. What is the remainder when t is divided by l?
11
Suppose 0 = -5*h + 5 + 10. Suppose h*w = 6*w - 105. Calculate the remainder when w is divided by 4/(-14) - (-128)/7.
17
Suppose -6*a + 12 = -5*a. Suppose p - 2*p = j - 33, 98 = 3*j + 4*p. What is the remainder when j is divided by a?
10
Let y(w) = -w**3 + 12*w**2 - 6*w + 16. Calculate the remainder when y(11) is divided by 24.
23
Suppose 0 = -6*h - 108 + 462. What is the remainder when h is divided by 20?
19
Suppose -2*s + 3 = 1. Let l = -94 + 46. What is the remainder when 46 is divided by (s/2)/((-2)/l)?
10
Calculate the remainder when 25 is divided by 10 - ((-12)/8)/((-3)/(-6)).
12
Let j(p) = 5*p**3 + 3*p**2 - 7*p + 5. Calculate the remainder when 341 is divided by j(2).
40
Let j(c) = c**2 + c + 45. Let h be j(0). Suppose h = 3*o - 81. What is the remainder when o is divided by 15?
12
Suppose -4*p + 294 = 5*v, -1 - 1 = -2*p. Calculate the remainder when 173 is divided by v.
57
Suppose 5*t - 29 = -5*g + 6, -5*g = 4*t - 39. Let l be 0 + 3 + -1 + 1. Suppose 2*h + g = l*h. Calculate the remainder when h is divided by 6.
5
Let f(n) = -2*n**3 - n + 2. Let q be f(2). Let p be (4/(-8))/(2/q). Let y(m) = 3*m**2 - 2*m + 3. What is the remainder when y(p) is divided by 22?
21
Let y(c) = 2*c + 1. Let r be y(1). Suppose 115 = 4*p - r*v, -6*v + 3*v = 3*p - 60. What is the remainder when p is divided by 13?
12
Let g = 50 + -22. Let c(u) = -u**3 - 2*u**2 + 5*u + 3. What is the remainder when g is divided by c(-4)?
13
Suppose -21*v + 39 + 360 = 0. Calculate the remainder when 36 is divided by v.
17
Calculate the remainder when (3/3)/(460/(-155) - -3) is divided by 19.
12
Suppose -4*h - 4*k + 300 = 0, -6*h - 4*k - 292 = -10*h. What is the remainder when h is divided by 13?
9
Let j(f) = -f + 4. Let x = 2 - 6. Calculate the remainder when 23 is divided by j(x).
7
Suppose 4*q = 2*q + 54. Calculate the remainder when 119 - 9 - (3 + 1) is divided by q.
25
What is the remainder when 166 is divided by (-86 + 1)*(-13)/(195/6)?
30
Let j(w) = -13*w - 65. What is the remainder when j(-6) is divided by 4?
1
Suppose 3*j + 15 = 6*j. Let d(g) = g**2 - 5*g + 4. Let i be d(5). Suppose -i*k + 6*k = 16. What is the remainder when k is divided by j?
3
Suppose 0*j = -8*j + 120. What is the remainder when 147 is divided by j?
12
Let r(q) be the first derivative of q**3/3 + q**2 + q - 1. Let f(j) = -j**2 + j - 2. Let o be f(2). What is the remainder when 16 is divided by r(o)?
7
Let d(y) = y - 17. Let a be d(9). Let w = a + 11. What is the